 1786136?
11
What is the highest common divisor of 107 and 133750?
107
Calculate the greatest common divisor of 1100 and 7084.
44
Calculate the highest common factor of 18400 and 2875.
575
What is the greatest common divisor of 368 and 89608?
184
Calculate the greatest common factor of 9652 and 133.
19
What is the highest common divisor of 166574 and 592?
74
What is the highest common divisor of 4448 and 15872?
32
Calculate the highest common factor of 121540 and 354.
118
What is the greatest common factor of 183 and 108763?
61
What is the highest common factor of 147 and 504105?
21
Calculate the greatest common factor of 250 and 9180.
10
What is the greatest common divisor of 208 and 23552?
16
Calculate the greatest common factor of 109176 and 216.
24
Calculate the greatest common divisor of 687 and 146789.
229
What is the highest common divisor of 46 and 165807?
23
Calculate the greatest common factor of 11840 and 47545.
185
What is the highest common factor of 4775 and 69175?
25
What is the highest common factor of 935 and 3080?
55
Calculate the greatest common divisor of 36 and 71748.
36
What is the highest common factor of 2294544 and 28?
28
What is the highest common factor of 1016 and 3585464?
1016
What is the highest common factor of 108 and 30846?
6
Calculate the greatest common factor of 696 and 8091.
87
Calculate the highest common factor of 2384 and 55428.
596
Calculate the highest common factor of 1694 and 47194.
14
Calculate the greatest common divisor of 165 and 31035.
15
Calculate the greatest common divisor of 49 and 33712.
49
What is the greatest common divisor of 15455 and 1705?
55
What is the highest common factor of 245 and 1323?
49
What is the highest common divisor of 45 and 10269?
9
What is the greatest common divisor of 504 and 1954512?
504
Calculate the greatest common divisor of 20022 and 81.
3
What is the highest common factor of 6237 and 539?
77
Calculate the highest common factor of 201960 and 165.
165
Calculate the highest common factor of 242595 and 81.
81
Calculate the highest common divisor of 431694 and 234.
18
Calculate the greatest common factor of 6464 and 13534.
202
What is the greatest common factor of 46662 and 14?
14
What is the greatest common divisor of 6460 and 9340?
20
Calculate the greatest common divisor of 534 and 64614.
534
Calculate the highest common factor of 70 and 170065.
35
What is the greatest common factor of 28770 and 120?
30
Calculate the greatest common factor of 31034 and 2893.
263
Calculate the greatest common factor of 30793 and 581.
581
What is the highest common divisor of 5950 and 6230?
70
Calculate the greatest common divisor of 39168 and 24.
24
What is the highest common factor of 7686 and 103446?
126
What is the greatest common factor of 19 and 1073139?
19
Calculate the highest common divisor of 32135 and 5.
5
What is the highest common factor of 765 and 179145?
45
Calculate the highest common factor of 248 and 932356.
124
What is the highest common divisor of 3440 and 4085?
215
What is the greatest common factor of 12006 and 348?
174
What is the highest common divisor of 46008 and 994?
142
Calculate the highest common divisor of 735 and 185970.
15
What is the greatest common factor of 66378 and 31694?
598
What is the greatest common factor of 4096 and 44?
4
What is the highest common factor of 3963 and 174?
3
Calculate the highest common factor of 21 and 14126.
7
Calculate the highest common factor of 150214 and 268.
134
What is the highest common divisor of 4605 and 1020?
15
Calculate the highest common factor of 101 and 12147472.
101
Calculate the highest common factor of 91 and 897143.
13
Calculate the greatest common factor of 9 and 76887.
9
Calculate the highest common divisor of 13702 and 118.
2
Calculate the greatest common factor of 63 and 527919.
21
Calculate the greatest common divisor of 14 and 287686.
14
Calculate the greatest common factor of 56 and 376460.
28
Calculate the greatest common factor of 885 and 435.
15
What is the greatest common factor of 685 and 895?
5
What is the highest common divisor of 467573 and 93?
31
Calculate the greatest common divisor of 931 and 40376.
49
Calculate the highest common factor of 73168 and 1296.
16
What is the greatest common factor of 4094 and 17250?
46
Calculate the highest common factor of 100 and 97480.
20
Calculate the greatest common factor of 2818203 and 284.
71
Calculate the highest common divisor of 148 and 310.
2
What is the greatest common factor of 3406 and 169?
13
Calculate the highest common factor of 2144630 and 10.
10
What is the highest common factor of 728 and 29624?
56
What is the highest common factor of 25715 and 1517?
37
What is the greatest common factor of 141039 and 9?
9
What is the highest common factor of 5040 and 268020?
180
What is the greatest common factor of 62 and 36673?
31
What is the greatest common factor of 1242 and 64098?
54
Calculate the greatest common factor of 11 and 12067.
11
What is the highest common factor of 47022 and 17?
17
What is the greatest common factor of 95 and 209665?
95
Calculate the greatest common divisor of 98 and 41174.
14
Calculate the highest common divisor of 110810 and 14.
14
Calculate the greatest common divisor of 21 and 84343.
7
Calculate the highest common divisor of 333 and 4870458.
333
What is the highest common factor of 27 and 2663064?
27
What is the highest common divisor of 39 and 22867?
13
What is the highest common factor of 202 and 236?
2
Calculate the greatest common divisor of 81 and 35703.
9
Calculate the highest common divisor of 1490 and 15500.
10
What is the greatest common divisor of 52364 and 17172?
212
Calculate the highest common divisor of 28664433 and 63.
63
What is the highest common factor of 250 and 3578375?
125
What is the highest common factor of 129359 and 554?
277
Calculate the greatest common divisor of 10810 and 53110.
470
What is the highest common factor of 55 and 168355?
55
Calculate the highest common factor of 3344 and 224466.
418
What is the highest common divisor of 77 and 852170?
11
What is the greatest common factor of 1087272 and 48?
24
Calculate the greatest common divisor of 2502 and 918.
18
Calculate the greatest common divisor of 2820 and 1081.
47
What is the highest common divisor of 4176 and 117972?
1044
Calculate the greatest common factor of 1727 and 715.
11
Calculate the greatest common divisor of 34 and 1343.
17
What is the greatest common factor of 15419 and 207703?
907
What is the highest common divisor of 7259 and 30702?
119
What is the greatest common divisor of 1691 and 13813?
19
What is the greatest common factor of 2340 and 364?
52
What is the highest common divisor of 47922 and 12551?
1141
Calculate the highest common divisor of 74550 and 61950.
1050
Calculate the greatest common factor of 22 and 283283.
11
Calculate the highest common divisor of 481217 and 1940.
97
Calculate the highest common divisor of 39 and 2949999.
39
Calculate the greatest common factor of 28 and 366023.
7
Calculate the greatest common factor of 1572 and 516.
12
What is the greatest common factor of 3160004 and 76?
76
Calculate the greatest common factor of 74597 and 9.
1
Calculate the greatest common divisor of 168 and 9440.
8
Calculate the greatest common factor of 145 and 23519.
29
Calculate the highest common divisor of 385 and 736190.
35
Calculate the greatest common divisor of 3 and 368547.
3
Calculate the highest common factor of 7557 and 34121.
229
Calculate the highest common divisor of 95 and 15371.
19
Calculate the highest common factor of 419 and 576963.
419
What is the highest common factor of 1980 and 522?
18
Calculate the highest common divisor of 409 and 1141928.
409
Calculate the highest common factor of 3575 and 3770.
65
Calculate the highest common factor of 22078 and 1134.
14
Calculate the highest common factor of 7730 and 756767.
773
Calculate the greatest common divisor of 164 and 540.
4
What is the greatest common divisor of 25530 and 16790?
230
What is the highest common divisor of 8229 and 96427?
211
What is the highest common divisor of 54173 and 88963?
497
What is the highest common factor of 703 and 259?
37
What is the highest common divisor of 26046 and 1620?
18
Calculate the greatest common